64. Suppose 3*o = 42 - 0. What is the remainder when r is divided by o?
13
Suppose -j + 0*m + 10 = m, 0 = 3*j - 4*m - 9. Calculate the remainder when 46 is divided by j.
4
What is the remainder when 12/(-1 - -4) + 47 is divided by 9?
6
Suppose 0 = -3*n - 239 + 17. Let j = 111 + n. What is the remainder when j is divided by 13?
11
Let o(z) = -z**3 + 4*z**2 + 2. Let g be o(4). Suppose 100 = 5*u - 5*i, -2*i - 21 = u - g*u. What is the remainder when 286/8 + 1/4 is divided by u?
17
Suppose 5 = 3*u + n - 3, u = -n. Suppose u*j = 64 + 16. Suppose 4*c + 4*i - 40 = 0, -3*c + i = 2*i - 32. What is the remainder when j is divided by c?
9
Let k = 10 + -2. Suppose -70 = -3*g - 0*q - q, 2*q = k. Suppose 0 = -0*t - t + 64. What is the remainder when t is divided by g?
20
Suppose 5*w - 170 = -0*w. Calculate the remainder when w is divided by 9.
7
Let r(l) = l**3 - 5*l**2 - 6*l + 7. Calculate the remainder when -2*52/8*(2 - 3) is divided by r(6).
6
Let j = -21 - -23. What is the remainder when 6 is divided by j?
0
Let z(k) = -k**3 + 3*k**2 - 2*k + 2. Let j be z(2). Suppose -4*u + j*i = 6*i - 72, 0 = 2*u - 2*i - 32. What is the remainder when u is divided by 6?
5
Let q = 31 - 19. Let k(p) = -p**2 - 10*p + 6. What is the remainder when k(-8) is divided by q?
10
Suppose 3*l = l - 2, l - 23 = -2*v. Suppose 5*f = -2*d + v, -4*d + d + 2*f - 20 = 0. Calculate the remainder when (-3)/2 - 202/d is divided by 17.
15
Suppose -5*z + 30 = -h + 8, -2*z + 6 = h. Suppose z*k + 3 + 5 = 0. Let b(v) = -7*v - 1. Calculate the remainder when 37 is divided by b(k).
11
Suppose 30*m - 32*m = -6. What is the remainder when 15 is divided by m?
0
Suppose 3*n + 109 = -3*r - 122, 0 = 4*r - n + 333. Let z = r - -123. What is the remainder when z is divided by 14?
13
Suppose -4*g + 9 = 1. Let u(m) = 6*m**g - 3 + 3. What is the remainder when u(1) is divided by 4?
2
Suppose -6 = -4*q - 2*l, 3*q + 0*q - 3*l = 0. Suppose 27 = 2*a - q. Suppose 0*o - a = -2*o. Calculate the remainder when o is divided by 4.
3
Let m(v) = -4*v**3 - 3*v**2 + v - 2. Let p be m(-3). Let w = p - 49. What is the remainder when w is divided by 10?
7
Suppose 6*p - 36 = 72. Calculate the remainder when p is divided by 5.
3
Let w = -341 - -499. Let p = w - 111. Suppose r + 5*v - 10 - 6 = 0, 0 = -v. What is the remainder when p is divided by r?
15
Suppose -h + i = -26, -i = h - 6*i - 22. Calculate the remainder when 100 is divided by h.
19
Let d = -63 + 112. What is the remainder when d is divided by 25?
24
Let w = -203 - -212. Let h(a) = -2*a + 2. Calculate the remainder when w is divided by h(-2).
3
Let z(o) = o**2 + 6*o + 3. What is the remainder when z(-9) is divided by 19?
11
Suppose 5 = -r - 4*a, -3*r = 2*a - 5 - 0. What is the remainder when 60 is divided by 25 - r/((-9)/(-12))?
18
Calculate the remainder when 18 is divided by (-6 - -8)*(-22)/(-4).
7
Let q(x) = -8*x**3 - x**2 + 3*x + 2. Let c be q(-3). Calculate the remainder when (-6)/21 + c/14 is divided by (12/(-10))/(21/(-140)).
6
Let z = -30 + 84. Let o(j) = j**2 - j + 2. Calculate the remainder when z is divided by o(-3).
12
Let r = 35 - 3. Suppose -5*n + r = -3*x, 5*n - 27 = n + x. Let h = -54 - -66. What is the remainder when h is divided by n?
5
Let l(b) = 6*b**2 - 4*b + 4. What is the remainder when l(2) is divided by (-58)/(-8) - (-2)/(-8)?
6
Let y = -69 + 18. Let u = 79 + y. Suppose 0 = 15*r - 5*r - 150. Calculate the remainder when u is divided by r.
13
What is the remainder when 84 is divided by ((-12)/(-16))/((-1)/4) + 47?
40
Let u = 32 + 31. What is the remainder when (-6)/27 - (-1841)/u is divided by 10?
9
Let r(t) = t**3 - 14*t**2 + 7*t + 19. What is the remainder when r(15) is divided by 16?
13
Let h(n) = n**2 - 2*n + 3. Let v(b) = b**3 + 3*b**2 + b. Let g be v(-3). Calculate the remainder when 34 is divided by h(g).
16
Suppose 3*d - 3 - 36 = 0. What is the remainder when 24 is divided by d?
11
Let l(s) = 3*s**2 + 2*s - 2. What is the remainder when 14 is divided by l(-2)?
2
Suppose 4*u + 4*h - 84 = 0, -2*u + 5*h - 3 = -u. Let y = 9 - 7. Suppose -y*b = -107 + 7. What is the remainder when b is divided by u?
16
Let p = 135 - 69. Suppose 4*r = 0, 2*r + p = 5*u + 6. Calculate the remainder when u is divided by 7.
5
Let m be (-13 - -13)/((-2)/2). Suppose 2*x = -4*n + 32, -x - 4*n + 16 = -m*x. Calculate the remainder when 28 is divided by x.
12
Let f = 16 + 13. Calculate the remainder when 55 is divided by f.
26
Suppose 0 = d - 13 - 4. Calculate the remainder when -201*(-1 - 4/(-6)) is divided by d.
16
Let z(m) = m**3 - 9*m**2 + m + 5. Let c be z(9). Let a = -4 + c. Calculate the remainder when a is divided by 4.
2
Let h = -1 - -11. Suppose 3*i - 58 = 5*b - h*b, 0 = 4*b + 5*i - 36. What is the remainder when 27 is divided by b?
13
Calculate the remainder when -30*2/(-8 + 4) is divided by 8.
7
What is the remainder when ((-56)/(-2) - 2) + 1 is divided by 15?
12
Let f be (0 - (-1 - 2)) + 2. Suppose -2*p = -3*v - v - 6, -4*p + 64 = f*v. Calculate the remainder when 20 is divided by p.
9
Let r(m) = -5*m + 13. Calculate the remainder when 73 is divided by r(-5).
35
Let y(l) = 2*l**3 - 2*l**2 - 2. Let q = 6 - 4. What is the remainder when 15 is divided by y(q)?
3
Let s(n) be the third derivative of n**6/120 - n**5/15 + n**4/12 + n**3 + 2*n**2. What is the remainder when s(5) is divided by 21?
20
Let x be 2/7 - 635/(-7). Suppose 5*p = -5*z + x + 59, 4*p + 2*z = 120. What is the remainder when p is divided by 16?
14
Let u = 24 - 1. What is the remainder when u is divided by 12?
11
Let w(q) = -7*q - 3. Let k be w(-2). Suppose -1 = -g - k. Let y = 17 + g. What is the remainder when 12 is divided by y?
5
Let j(m) = -m**2 + 12*m - 8. Suppose 0 = 3*p - 8*p + 45. What is the remainder when 54 is divided by j(p)?
16
Let w = 8 + 2. Suppose 6*f - 151 = 71. What is the remainder when f is divided by w?
7
Let v(d) = -d**2 - d + 5. Suppose y = -4*y + 30. Let i(k) = k**3 - 6*k**2. Let l be i(y). What is the remainder when 13 is divided by v(l)?
3
Let h(o) = -o**3 - 7*o**2 - 2*o + 3. Let p be (6/(-3))/((-4)/62). Suppose 4*s = -s + 20, 3*x - p = -s. Calculate the remainder when h(-7) is divided by x.
8
Let k = 123 + -69. Calculate the remainder when k is divided by 14.
12
Suppose 6*n - 192 = 2*n. What is the remainder when n is divided by 17?
14
Let c(v) be the second derivative of 1/3*v**4 + 0*v**2 - 3*v + 0*v**3 + 0. Calculate the remainder when c(-1) is divided by 3.
1
Let q(r) = 8 + 22*r + 9*r**2 + r**3 - 22*r. Calculate the remainder when q(-9) is divided by 3.
2
Suppose 0 = 2*n + 8, 3*f - 4*n = 34 - 3. Suppose 0*b - 110 = -f*b. What is the remainder when b is divided by (-2)/6 + (-74)/(-6)?
10
Calculate the remainder when 19 is divided by ((-24)/(-15))/((-6)/(-15)).
3
Suppose 4*u - 782 = -2*j, 2*u + 2*j = 3*u - 198. Suppose -g - u = -5*g. Let n = -25 + g. What is the remainder when n is divided by 13?
11
Let o = 7 + -4. Suppose p = -0*p + o. Suppose -6*u + p*u = -66. Calculate the remainder when u is divided by 8.
6
Suppose 4*n - 2*n + 64 = 4*x, 2*x - 32 = 5*n. Suppose -3*c + c = m, 2*m - x = 4*c. Calculate the remainder when 19 is divided by m.
3
Suppose 5*y + 4 = 49. What is the remainder when 22 is divided by y?
4
Calculate the remainder when 98 is divided by 155/7 + (-2)/14 + -2.
18
Let z(c) = -c + 7. Let t = 16 - 13. Calculate the remainder when 15 is divided by z(t).
3
Let b = 25 + -16. Suppose 2*j = -q - 9 - 8, -4*q + 3*j - 13 = 0. Let i = 9 - q. Calculate the remainder when i is divided by b.
7
Suppose 54*d = 57*d - 42. What is the remainder when 69 is divided by d?
13
Let t = 12 - 7. Suppose -4*u - 8 = -2*u. What is the remainder when t is divided by (-5)/((-30)/u)*-3?
1
Suppose -6*s - 2*s = -176. What is the remainder when 171 is divided by s?
17
Suppose -2*s - 50 = 3*s. Let i = s + 25. What is the remainder when i is divided by 6?
3
Suppose 0 = 5*g + 5*w - 37 - 163, g + 5*w = 28. Let b = g - 27. Let u(r) = r**2 - 5*r + 25. Calculate the remainder when u(6) is divided by b.
15
Suppose 0*r = -r + 18. What is the remainder when r is divided by 0 + (-35)/15*-3?
4
Let p(k) = -15*k + 1. Let l be p(-4). Suppose j + 3*j = 3*a - l, -5*j - 5 = a. What is the remainder when 28 is divided by a?
13
Let k(p) = 6*p - 32. Calculate the remainder when 37 is divided by k